- 5*a + 11. Let h be x(-5). Calculate the highest common factor of h and 42.
42
Let y(r) = -5 - 2*r + 4*r - 8*r**2 + 9*r**2. Let f be y(-5). What is the greatest common divisor of 5 and f?
5
Suppose -b = -n + 2, -4*n - 23 - 4 = b. Let g be 1000/28 + (-2)/b. Suppose 6*j - j - 20 = 0. Calculate the highest common divisor of j and g.
4
Let m = 31 - 29. What is the greatest common divisor of 12 and m?
2
Let w = -28 - -29. Calculate the highest common factor of w and 1.
1
Let d = 13 - 11. Suppose -6*z + 252 = -d*z. Suppose -t - t = 5*b - 37, 2*b - 19 = -5*t. What is the greatest common divisor of z and b?
7
Suppose 4*j = 4*w - 36, 4*j + w + 3 = -18. Let s be (-21)/(j/2) + 3. What is the highest common divisor of s and 5?
5
Let p = 109 + -122. Suppose 5 = f + 4*t - 21, 2*f - 61 = t. Let o = f + p. What is the highest common divisor of 187 and o?
17
Suppose w - 240 = -5*r - 2*w, -4*r + w + 175 = 0. Let o = -21 - -13. Let s be 20/o*2*-1. Calculate the highest common factor of s and r.
5
Suppose -4*q + 114 + 242 = 0. Suppose 4*a - q = 111. Let z = -12 + 22. What is the greatest common factor of z and a?
10
Let z = 2 - 1. Calculate the highest common factor of z and 7.
1
Let k be 60/5 + 12/3. What is the highest common divisor of k and 112?
16
Suppose 4*z + 2*b - 83 = 3, z - 4*b - 44 = 0. What is the highest common divisor of z and 36?
12
Let r = 5 - -1. What is the highest common divisor of r and 15?
3
Let z = -32 - -38. What is the highest common factor of 3 and z?
3
Suppose -10 = -8*j + 102. Calculate the greatest common divisor of 2 and j.
2
Suppose -3*v - 2 + 17 = 0, -2*v - 26 = -3*q. Calculate the greatest common divisor of 6 and q.
6
Let z = -27 - -34. Calculate the greatest common divisor of 77 and z.
7
Let t(r) = -64*r + 3. Let b be t(-3). Suppose 0 = -0*j - 3*j + b. Let a(c) = 3*c**2 + 1. Let y be a(2). Calculate the greatest common divisor of y and j.
13
Suppose -3*x - 7 + 1 = 0. Let q = -5 + 13. Let h be -4*x/4 + q. Calculate the highest common divisor of 30 and h.
10
Suppose 5*f = 5, -3*f - 13 = -4*z + 8*z. Let h = -36 - -14. Let a be (-402)/(-33) - z/h. Calculate the highest common factor of a and 6.
6
Let u(a) = -a**2 + 13*a + 17. Let b be u(13). Calculate the highest common factor of b and 85.
17
Let x(v) = -2*v**3 + 14*v**2 - 4*v - 18. Let r be x(5). What is the highest common divisor of r and 93?
31
Let y = 29 - -1. Let k = 17 + -5. Calculate the highest common divisor of y and k.
6
Suppose 3*p = 7 + 32. Let h be ((-10 - 2) + -1)/(-1). Calculate the greatest common divisor of h and p.
13
Let x = 23 - 38. Let g = -9 - x. Suppose k - g*k = 4*f - 9, -23 = -3*k + 2*f. What is the greatest common divisor of k and 15?
5
Let b(r) = 7*r + 1. Let f be b(1). Let a be (-2)/10 - (-12)/10. Let w be (a + 3)/((-3)/(-6)). Calculate the greatest common divisor of f and w.
8
Let w(s) = -s**3 - 5*s**2 - 4*s - 6. Let k be 9/15 - 22/(-5). Suppose -2*m - 15 = -k. Let p be w(m). Calculate the greatest common divisor of p and 2.
2
Let t = 19 + -10. Let x = 18 - t. Suppose 420 = 4*g + 96. Calculate the greatest common factor of x and g.
9
Let a be 1 + 8 + 2 + -4. Suppose 1 = y - a. Suppose y*o - 4*o - 12 = 0. What is the greatest common divisor of 3 and o?
3
Let b(p) = -p**2 + 9*p - 1. Let w be b(4). Let t = 31 - w. Suppose -76 = -2*a + 4*f, 5*f - 73 = -3*a + 2*a. What is the greatest common divisor of a and t?
12
Suppose -5*y - 3*c = c - 177, -2*y + 69 = c. What is the greatest common divisor of y and 44?
11
Let m be (0 - (-12)/(-3)) + 18. Calculate the greatest common divisor of m and 7.
7
Let b be 4/((-4)/(-3)) - -56. Let r = b - -117. What is the greatest common divisor of r and 16?
16
Let g(y) = y + 13. Let s be g(-10). Suppose s*a - 10 = 8. What is the highest common divisor of a and 24?
6
Let z(m) = m**2 - 11*m - 8. Let x be z(12). Suppose 3*n + 2*y = 94, 0 = -5*n + 2*y - 0*y + 130. Calculate the greatest common divisor of x and n.
4
Let a be 6/9 - 849/(-9). Suppose 2*k + 4*i + 34 = 3*k, a = 5*k + 5*i. Calculate the greatest common factor of k and 33.
11
Suppose -106 - 34 = -4*q. Let y be (-2 + 3/2)*-14. What is the highest common factor of y and q?
7
Let v be 4/(-14) + 16/7. Suppose 0 = -3*w - 1 - 29. Let k be w/(-1 + 3)*-1. Calculate the highest common factor of v and k.
1
Suppose -4*v = v - 110. What is the greatest common factor of 198 and v?
22
Suppose -6*o + 2*o = -36. Calculate the greatest common divisor of 18 and o.
9
Let z be (-76)/(-57) - -2*10/12. What is the highest common divisor of z and 3?
3
Let c be 1*(-1 + 1) + 0. Let b be 2 + c - 1 - 0. Calculate the highest common divisor of 1 and b.
1
Suppose t - 5*s + 13 = 0, -3*t + 13 = 2*s - 4*s. What is the greatest common divisor of 14 and t?
7
Suppose r + 7 = -3*c, -r + 2 - 12 = 4*c. Let z = -64 - -32. Let x = -22 - z. Calculate the greatest common factor of x and r.
2
Suppose -w + 1 + 3 = 0. Suppose w*k = -k + 25. Suppose -d - d + 58 = -2*b, 5*d - 95 = -k*b. Calculate the greatest common divisor of 3 and d.
3
Suppose 0 = p - d - 14, -16 = -d - 3*d. What is the highest common divisor of p and 45?
9
Suppose g + 4 = 6. Let w be (g/5)/((-3)/(-15)). Suppose -5*a - 3*x + 22 = -5*x, 2*a - 10 = w*x. Calculate the highest common divisor of a and 36.
4
Let z = -75 - -51. Let m be (-2 + z/(-15))*-260. What is the highest common divisor of 13 and m?
13
Let i = -2 + 6. Suppose 3*v = 11 + 4, 4*m = -i*v + 72. Calculate the greatest common divisor of 26 and m.
13
Suppose -4*m = 6 + 2. Let u be m/4 - 15/(-6). Let n = 4 + -1. What is the greatest common factor of u and n?
1
Suppose 5*u = -0*c - c - 14, 0 = -u - 3*c. Let m be 34/u - 4/6. Let r = -4 - m. What is the greatest common factor of 1 and r?
1
Suppose 1 + 2 = b. Let q be (-4 - -9)*(-2 - -1). Let m = -2 - q. Calculate the greatest common factor of m and b.
3
Let o be ((-2)/(-4))/((-2)/(-16)). Let f(y) = y**3 + 7*y**2 - 32. Let z be f(-6). What is the greatest common divisor of z and o?
4
Let t(d) = d**2 - d + 57. Let l be t(0). Let n be (3/(3/(-74)))/(-2). Let h = l - n. What is the highest common factor of h and 5?
5
Let z(t) = t + 7. Let b be z(-5). Suppose -104 = -b*m - 2*m. Calculate the highest common divisor of 65 and m.
13
Suppose -a = 3*a - 4. Let f be (2 - a - 1) + 3. Suppose 1 = b - f, -4*w - 3*b = -100. What is the greatest common divisor of w and 2?
2
Let q = 11 - 7. Suppose -3*n + z + 8 = 0, -3*n + 2*z + 2*z = -14. What is the highest common divisor of q and n?
2
Let j be ((-8)/(-10))/((-4)/(-90)). Suppose 3*k = 4*x - j, x + 4*k + 11 = 2*x. Suppose -3 = -4*i + x*i. What is the highest common factor of 3 and i?
3
Suppose -3*n - 9 = -3*p, -2*n + 0*n = p. Suppose l - 6 = -p*l. Calculate the greatest common divisor of 3 and l.
1
Let d(m) = -m + 8. Let n be d(8). Suppose n*x = 2*x + 2*v - 8, -5*x + v + 32 = 0. Suppose -o = -x*o + 30. Calculate the greatest common divisor of 48 and o.
6
Let x(c) = -c**2 + 9*c - 4. Let s be x(7). What is the greatest common factor of s and 4?
2
Let t = 22 + 14. Let z be 4/(-10)*(2 + -12). Calculate the highest common divisor of z and t.
4
Let d(j) = 2*j**2 + 4*j. Let h be d(-3). What is the greatest common factor of 2 and h?
2
Let a(s) = 28*s**2 + 5*s - 7. Let v be a(3). Calculate the highest common factor of v and 13.
13
Let s = 27 - 12. What is the greatest common divisor of 6 and s?
3
Let j(a) = -a**2 + 7*a - 2. Let f be j(5). What is the greatest common factor of 32 and f?
8
Let h be 2/3 + (-5 - (-58)/3). Calculate the highest common factor of h and 5.
5
Let m = 15 + -22. Let a = -5 - m. Let r(y) = y**2 + 10*y + 4. Let p be r(-10). What is the highest common divisor of p and a?
2
Let x = 0 - -9. Let q be (-3)/x + (-7)/(-3). What is the highest common factor of 10 and q?
2
Let a be 194/3 + (-2)/3. Let r = a + -46. Suppose -2*t + 7*t = 30. What is the highest common factor of t and r?
6
Let a(w) = w**3 - 5*w**2 + w + 1. Let k be a(5). Let g(z) = 3*z**2 - 3*z. Let u be g(k). What is the greatest common factor of 10 and u?
10
Let j = -4 - -8. Let v = j + 8. Let k be -2 + v/3 - -15. What is the highest common divisor of 17 and k?
17
Let g = 13 - 10. Calculate the highest common divisor of g and 12.
3
Let f be 1/(-1) - (-2 - -28). Let i = 39 + f. Suppose 2*w - 16 = i. Calculate the greatest common factor of w an